n -4 + (-174)/(-42) + 2307/21 is divided by 39.
32
Let c = 40 + -27. Let t(i) = -i**3 + 7*i**2 - 2*i - 2. Let z = 5 + 0. Calculate the remainder when t(z) is divided by c.
12
Suppose 3*d = -4*d + 2*d. Suppose d*c - v = 3*c - 23, -3*c + 4*v + 43 = 0. What is the remainder when 52 is divided by c?
7
Let x = -320 + 378. What is the remainder when x is divided by 30?
28
Suppose -18*x = -19*x. Suppose x = -z + 4*j + 17, -4*z - z = 5*j - 60. Calculate the remainder when 38 is divided by z.
12
Let r(p) = 107*p**3 - 10*p**2 + 3*p + 2. What is the remainder when r(3) is divided by 148?
146
Let r = -822 + 961. Calculate the remainder when r is divided by 10.
9
Let a be (1 - 0)/((-2)/(-10)). Suppose g - 2*z = -2 + 22, a*z = -3*g + 71. Let q(j) = j**2 + 4*j + 6. What is the remainder when g is divided by q(-4)?
4
Let d = 606 - 568. Calculate the remainder when 143 is divided by d.
29
Suppose 2*l + 2*n + 204 = -2*l, 0 = l - 2*n + 46. Let o = l - -9. Let m = o - -62. Calculate the remainder when 61 is divided by m.
19
Let j(c) = 22*c + 6. Calculate the remainder when j(4) is divided by 32.
30
Let w(k) = 2*k + 17. Let b(v) = -v - 16. Let s be b(-11). What is the remainder when w(s) is divided by 3?
1
Let w = -755 - -775. Let b = 324 + -227. Suppose -3*q + b + 4 = -2*p, -173 = -4*q - 5*p. Calculate the remainder when q is divided by w.
17
Suppose -6 = -9*y + 12*y. What is the remainder when (-273)/26*(0 + y - 2) is divided by 11?
9
Let p = -751 - -761. Suppose -4*z = -4 - 140. What is the remainder when z is divided by p?
6
Suppose -4*n + 123 = -g, -4*n + 3*n = 4*g + 458. Let h = -81 - g. Suppose -2*p - 2*p + 36 = 0. Calculate the remainder when h is divided by p.
7
Let n(i) = -i**3 + 5*i**2 + 2*i - 1. Let b(q) = 2*q - 7. Let j be b(6). What is the remainder when ((-6)/4)/(3/(-50)) is divided by n(j)?
7
Let j = -325 - -345. What is the remainder when j is divided by 11?
9
What is the remainder when 178 is divided by (-17)/((-1 - 28/(-24))*-3)?
8
Suppose 38*i - 1638 = -40*i. Suppose 0 = 4*c - 3*c - 4*y + 7, 5 = c - y. Calculate the remainder when i is divided by c.
3
Let p = 38 - 44. Calculate the remainder when 22 is divided by -2 + (-28)/(-3) + p/(-9).
6
Suppose 0 = -g + 3*z + 71, 2*z - 248 = -4*g + 5*z. Calculate the remainder when g is divided by (-228)/(-8) - (-9)/6.
29
Let p(s) = 2*s - 23. Let d be p(13). Suppose -d*r + 5*z - 6 = -22, 2*z + 40 = 4*r. What is the remainder when 23 is divided by r?
11
Suppose -2*i = -12 - 130. Let c(s) = 2*s - 80. Let k be c(0). Let l = k - -98. What is the remainder when i is divided by l?
17
What is the remainder when 4354/12 - (-4)/24 is divided by 28?
27
Let h = -716 - -734. Calculate the remainder when 142 is divided by h.
16
Suppose -36 = -8*g - g. Suppose -o + g = -34. Let b = 8 - -6. Calculate the remainder when o is divided by b.
10
Let c = -329 + 360. Calculate the remainder when 88 is divided by c.
26
Let u = 157 - 151. Calculate the remainder when 723/27 + u/27 + 0 is divided by 16.
11
Let x be -3 - ((-27)/3 + 1). Suppose x*d - 82 = -32. Suppose 3*s - 111 = -s + 5*b, 3*s - 83 = 4*b. What is the remainder when s is divided by d?
9
Let y(d) = -d**2 + 9*d + 35. What is the remainder when y(10) is divided by 13?
12
Let c be 0 + (-3 + 1 - 0). Let h(a) = 204*a**2 - 3*a - 2. Let y be h(c). What is the remainder when 21 is divided by (-2)/(-7) + y/70?
9
Let f be 56/21*3/(-2). Calculate the remainder when 60 is divided by (-8)/f*62/4.
29
Let l be ((-1)/(-1) + 8)*-2. Let o be (-4017)/(-27) + (-4)/l. Suppose 5*j = -2*z + o, 4*z + 2*j - j = 271. Calculate the remainder when z is divided by 17.
16
Suppose -5*f = -15, t - 48 = -5*f + f. Suppose 0 = -5*b + 3*n + 24 + t, -4*b + 41 = -n. What is the remainder when 43 is divided by b?
7
Let y(a) = 2*a**3 - a**2 - 3*a + 3. Let w be y(-2). Let l(k) = k**2 + 8*k - 21. Calculate the remainder when 59 is divided by l(w).
11
Let k(o) = o**2 + 13*o + 3. Let r(x) = -14*x + 10. What is the remainder when r(-11) is divided by k(-15)?
32
Suppose 0*q + 3*q = -2*m - 440, -q + 230 = -m. Let v = -92 - m. Let s(d) = -2*d**2 + 53*d + 111. Calculate the remainder when v is divided by s(28).
26
Let k(j) = j**3 - j**2 - 4*j + 15. Calculate the remainder when 80 is divided by k(2).
3
Let n = 57 - 41. Let r(v) = 2*v**2 - 16*v + 27. Let x be r(2). Calculate the remainder when (-28)/x*(-84)/n is divided by 13.
10
Let d be -2 + 4 - (1 - -1). Suppose -2*m = -d*m. Suppose m = 2*l - 0*l - 94. Calculate the remainder when l is divided by 18.
11
Let i = -10 - -30. Calculate the remainder when 85 is divided by i.
5
Suppose 3*r - 24 + 15 = 0. Suppose g + 4 = 0, 2*g = -r*c + 6*g + 247. Calculate the remainder when c is divided by 26.
25
Let h = -621 + 639. Calculate the remainder when 443 is divided by h.
11
Let y(n) be the first derivative of n**3/2 + 27*n**2/2 - 6*n + 6. Let t(a) be the first derivative of y(a). Calculate the remainder when t(0) is divided by 7.
6
Suppose m - 34 = 2*x, 2*x - 21 + 83 = 2*m. Let o(n) = 2*n**2 + 7*n - 1. Calculate the remainder when m is divided by o(-4).
1
Suppose -3*l = 2*l + 10. Let h be (12 + l + -1)*3. Suppose -4*v = -3*s + h, s + 2*v + 59 = 6*s. Calculate the remainder when 49 is divided by s.
10
Let k = -45 + 44. What is the remainder when 8 is divided by k*(1 - -1 - 4)?
0
Let z(k) = -5*k**3 + 2*k - 3. Let o(r) = 14*r**3 - 5*r + 9. Let v(b) = 6*o(b) + 17*z(b). Calculate the remainder when v(-3) is divided by 5.
3
Suppose 11*k - 49 = 292. Calculate the remainder when 115 is divided by k.
22
Let o(b) = 2*b**2 + 42*b - 189. What is the remainder when o(-32) is divided by 12?
11
Suppose -4*d - r + 994 = 0, 3*d - 5*r - 462 = 295. Calculate the remainder when d is divided by 51.
45
Let v = 679 - 658. Calculate the remainder when 245 is divided by v.
14
Suppose -3*b + 0*b + 92 = -4*z, 0 = 3*z - b + 74. Let l = -6 - z. Let w = l + -12. Calculate the remainder when 15 is divided by w.
7
Suppose 0 = 8*a - 2*a + 816. Let w = -124 - a. Calculate the remainder when w is divided by 2.
0
Suppose -5*c + 15 = 0, 203 = 4*v + 4*c + c. Suppose -3*n + 5*n = -2. Calculate the remainder when v is divided by -32*n/(-4)*-2.
15
Let x = 413 - 284. Calculate the remainder when x is divided by 66.
63
Calculate the remainder when (-29 - 2)/(16 + -17) is divided by 12.
7
Let b = 361 + -204. What is the remainder when b is divided by 53?
51
Let g = 458 + -252. Calculate the remainder when g is divided by 56.
38
Calculate the remainder when 42 is divided by 111/(-39) + 3 + 2460/65.
4
Let i = -355 + 1130. What is the remainder when i is divided by 41?
37
Let z be 1*(3 + -6 - -8). Suppose z*p + 105 = 7*m - 2*m, -4*p + 87 = 5*m. Calculate the remainder when 72 is divided by m.
15
Let w(h) = h**2 - 6*h - 1. Let c be w(8). Let o(r) = -r**3 - r**2 - 2. Let a be o(0). Let f = a + c. Calculate the remainder when 50 is divided by f.
11
Suppose -5*h + 4*h - 30 = 5*r, -2*h = 0. What is the remainder when r/9*(-1377)/18 is divided by 26?
25
Suppose c + j = 19 + 9, -5*c - 4*j + 140 = 0. Suppose l - 5*m = 160, -l - l - 3*m = -268. Let i = -87 + l. What is the remainder when i is divided by c?
25
Suppose 4*z + 0*z - 110 = -x, -4*x - z + 470 = 0. Let q be (-1)/(-2) + (-7)/(-2). Suppose -2*d + q*d = x. Calculate the remainder when d is divided by 20.
19
Suppose 194 = y + y. Let s = -134 - -148. What is the remainder when y is divided by s?
13
Let u = -94 + 638. What is the remainder when u is divided by 137?
133
Let l(v) = -v**2 + 14*v - 8. Let i(q) = q**2 - 14*q + 7. Let k(c) = 2*i(c) + 3*l(c). Calculate the remainder when 67 is divided by k(12).
11
Suppose -230 = -5*m - 86*y + 89*y, y = 5*m - 220. What is the remainder when 168 is divided by m?
39
Let p(s) = s**2 + 5*s + 30. What is the remainder when 539 is divided by p(-5)?
29
Suppose -10*f + 2*f = -176. Calculate the remainder when f is divided by 6.
4
Let l(c) = -c**3 - c**2 - 2*c + 15. Suppose -5*v = -169 - 116. What is the remainder when v is divided by l(0)?
12
Let t be (-124)/(-44) + 2/11. Let a be 3/5 - t/5. Suppose x - 5*o + 14 = a, 3*o + 29 = -0*x + 4*x. Calculate the remainder when x is divided by 3.
2
Let b(i) = -7 + 36 + i**2 + 8*i + 6*i. Calculate the remainder when 46 is divided by b(-13).
14
Suppose -10*g + 7*g = -2*t - 131, -168 = -4*g + 4*t. Cal